 the hundred millions digit of 725034858?
7
What is the tens digit of 4179223916?
1
What is the ten thousands digit of 12625620?
2
What is the millions digit of 1608073623?
8
What is the tens digit of 5992629?
2
What is the hundreds digit of 59866423?
4
What is the ten millions digit of 94252680?
9
What is the units digit of 478700110?
0
What is the hundreds digit of 1033043312?
3
What is the ten thousands digit of 155131424?
3
What is the hundreds digit of 96713017?
0
What is the hundred thousands digit of 230944167?
9
What is the hundreds digit of 7354438?
4
What is the hundreds digit of 343209015?
0
What is the ten millions digit of 283116475?
8
What is the hundreds digit of 2937441819?
8
What is the ten millions digit of 232211760?
3
What is the ten thousands digit of 49418676?
1
What is the thousands digit of 1409115121?
5
What is the ten thousands digit of 130836446?
3
What is the millions digit of 64884186?
4
What is the ten millions digit of 1010701150?
1
What is the hundred millions digit of 943849623?
9
What is the units digit of 1054480912?
2
What is the units digit of 58082459?
9
What is the hundreds digit of 367401659?
6
What is the ten thousands digit of 4047148871?
4
What is the tens digit of 16961194?
9
What is the millions digit of 4173582750?
3
What is the millions digit of 1136919573?
6
What is the hundreds digit of 4349237328?
3
What is the units digit of 367716967?
7
What is the hundreds digit of 1615948435?
4
What is the ten millions digit of 1180054853?
8
What is the ten millions digit of 423727870?
2
What is the ten thousands digit of 4527691?
2
What is the hundreds digit of 1433348721?
7
What is the hundred thousands digit of 1312463880?
4
What is the hundreds digit of 1347214500?
5
What is the tens digit of 6165279317?
1
What is the billions digit of 4294803434?
4
What is the units digit of 96384451?
1
What is the thousands digit of 1717464746?
4
What is the ten thousands digit of 176511231?
1
What is the tens digit of 728366154?
5
What is the tens digit of 872451079?
7
What is the units digit of 37143782?
2
What is the millions digit of 853717821?
3
What is the ten thousands digit of 41125929?
2
What is the hundred millions digit of 103699465?
1
What is the hundreds digit of 95043985?
9
What is the ten millions digit of 621923736?
2
What is the ten millions digit of 324441038?
2
What is the ten thousands digit of 36988004?
8
What is the hundred thousands digit of 2414043473?
0
What is the hundred thousands digit of 56701343?
7
What is the ten thousands digit of 408325390?
2
What is the hundred millions digit of 8318567635?
3
What is the tens digit of 387813338?
3
What is the millions digit of 140465648?
0
What is the ten millions digit of 3340998361?
4
What is the thousands digit of 145326334?
6
What is the millions digit of 1188510510?
8
What is the hundred millions digit of 152902672?
1
What is the millions digit of 18996972?
8
What is the units digit of 41437451?
1
What is the hundred millions digit of 132575181?
1
What is the hundred thousands digit of 78791860?
7
What is the ten millions digit of 463228631?
6
What is the millions digit of 5578220843?
8
What is the thousands digit of 1956070669?
0
What is the hundred millions digit of 320602115?
3
What is the hundred millions digit of 102637739?
1
What is the units digit of 294649679?
9
What is the hundreds digit of 1209539649?
6
What is the tens digit of 3177061?
6
What is the hundred thousands digit of 443676003?
6
What is the tens digit of 716171607?
0
What is the tens digit of 1011867822?
2
What is the hundred millions digit of 4194264840?
1
What is the millions digit of 141559285?
1
What is the ten millions digit of 206510328?
0
What is the tens digit of 1897744967?
6
What is the hundreds digit of 170315943?
9
What is the hundreds digit of 21900022?
0
What is the hundred thousands digit of 1964088604?
0
What is the ten millions digit of 20339726?
2
What is the ten thousands digit of 63677278?
7
What is the millions digit of 26758555?
6
What is the hundred thousands digit of 322834157?
8
What is the hundreds digit of 3603664?
6
What is the ten thousands digit of 89378276?
7
What is the units digit of 15620867?
7
What is the thousands digit of 304464500?
4
What is the millions digit of 1608861?
1
What is the thousands digit of 67056086?
6
What is the ten millions digit of 211121000?
1
What is the ten thousands digit of 34362835?
6
What is the ten millions digit of 4943685601?
4
What is the millions digit of 37248614?
7
What is the ten millions digit of 140213617?
4
What is the thousands digit of 844137925?
7
What is the tens digit of 60408478?
7
What is the thousands digit of 400693561?
3
What is the hundreds digit of 154825358?
3
What is the tens digit of 45291341?
4
What is the millions digit of 984763292?
4
What is the units digit of 1924990706?
6
What is the millions digit of 3600571?
3
What is the units digit of 4325173352?
2
What is the hundreds digit of 182860891?
8
What is the hundreds digit of 28452302?
3
What is the hundred millions digit of 191249402?
1
What is the millions digit of 207906137?
7
What is the ten thousands digit of 1870907065?
0
What is the ten thousands digit of 1699788284?
8
What is the hundred millions digit of 565645336?
5
What is the millions digit of 5245057248?
5
What is the units digit of 2827991267?
7
What is the hundreds digit of 88159151?
1
What is the tens digit of 4559537152?
5
What is the thousands digit of 300823801?
3
What is the ten thousands digit of 78076873?
7
What is the hundreds digit of 9469463?
4
What is the units digit of 351178878?
8
What is the ten millions digit of 1902727566?
0
What is the billions digit of 4640900651?
4
What is the ten millions digit of 55371281?
5
What is the hundred millions digit of 454371290?
4
What is the millions digit of 36347703?
6
What is the ten thousands digit of 41663024?
6
What is the units digit of 137737255?
5
What is the tens digit of 811509664?
6
What is the ten millions digit of 55028484?
5
What is the thousands digit of 79891086?
1
What is the thousands digit of 15403453?
3
What is the ten thousands digit of 114450981?
5
What is the thousands digit of 90374010?
4
What is the units digit of 181448988?
8
What is the units digit of 930953141?
1
What is the tens digit of 67662833?
3
What is the hundred thousands digit of 54800674?
8
What is the tens digit of 731961616?
1
What is the hundreds digit of 428884321?
3
What is the hundred thousands digit of 137044994?
0
What is the units digit of 894804023?
3
What is the hundred thousands digit of 58745053?
7
What is the millions digit of 96671708?
6
What is the ten thousands digit of 318140764?
4
What is the thousands digit of 335079470?
9
What is the millions digit of 215795513?
5
What is the billions digit of 3555466833?
3
What is the units digit of 468624966?
6
What is the ten thousands digit of 48455723?
5
What is the ten millions digit of 274529825?
7
What is the units digit of 1863724522?
2
What is the units digit of 85536850?
0
What is the millions digit of 113921994?
3
What is the ten millions digit of 2017506836?
1
What is the hundred thousands digit of 5480872463?
8
What is the hundreds digit of 747357348?
3
What is the hundreds digit of 158726966?
9
What is the ten millions digit of 24876781?
2
What is the thousands digit of 1797422047?
2
What is the thousands digit of 289233945?
3
What is the hundreds digit of 290733537?
5
What is the hundred thousands digit of 32412899?
4
What is the hundred millions digit of 296026264?
2
What is the ten thousands digit of 4149735776?
3
What is the thousands digit of 1438380103?
0
What is the hundreds digit of 4168747915?
9
What is the hundred thousands digit of 25705512?
7
What is the ten millions digit of 248444451?
4
What is the tens digit of 5629484748?
4
What is the ten millions digit of 3965068862?
6
What is the billions digit of 1464588794?
1
What is the thousands digit of 494783561?
3
What is the thousands digit of 350423894?
3
What is the millions digit of 1776706139?
6
What is the ten millions digit of 249909204?
4
What is the ten thousands digit of 89081459?
8
What is the tens digit of 5025298569?
6
What is the millions digit of 47601966?
7
What is the thousands digi